3018/7 + (-16)/y + 1 is divided by 8.
7
What is the remainder when 285 is divided by (234/(-4))/(0/(-34) + 6/(-4))?
12
Let q(k) = 2*k**3 - 5*k**2 + 13*k - 36. Suppose 4*g - 13 = 43. Suppose -4*f = 6 + g, 3*b = f + 56. What is the remainder when q(4) is divided by b?
13
Let a = -1376 - -2081. Suppose 2*n - a = -v, 3*n - 2*v = -3*v + 1057. Suppose -10*r - n = -1362. Calculate the remainder when r is divided by 15.
11
Let j(c) = 30*c**2 - 35*c - 33. Calculate the remainder when 217 is divided by j(-1).
25
Let z(s) = 3*s**2 + 24*s + 46. What is the remainder when z(-13) is divided by 7?
3
Suppose 8 = 3*r + h, r = -5*h + 8*h - 4. Let g(d) = 7*d**2 + 9*d - 17. Calculate the remainder when g(r) is divided by 15.
14
Let q be -1 + (3 - (0 - (8 + -4))). Let w = q + -1. Suppose 141 + 159 = w*v. Calculate the remainder when v is divided by 17.
9
Let u = -2547 - -2566. What is the remainder when 33 is divided by u?
14
Suppose 0 = -2*q + 4*w + 152, -7*q + 3*q = -3*w - 284. Suppose 4*t - 65 = -21. Suppose -g = -3 - t. Calculate the remainder when q is divided by g.
12
Suppose -320 = -97*d + 92*d. What is the remainder when 8224/d + 2/4 is divided by 22?
19
Let n(d) = -108*d - 4. Let c be n(1). Let h = -160 - c. What is the remainder when 28 is divided by (h/(-2))/2 - 4?
4
Suppose 46*v - 11*v - 9*v - 4810 = 0. What is the remainder when 964 is divided by v?
39
Let t(v) = v - 28. Let z be t(19). Let g = z - -13. Suppose 5*o = g*o + 3. Calculate the remainder when 8 is divided by o.
2
Let b be -1 + ((2/(-2))/(-1) - 99). Let c = b + 132. Let o = -33 - -39. Calculate the remainder when c is divided by o.
3
Suppose 20*p = 8*p + 36. Let l(z) = -z + 10. Calculate the remainder when (-3 + -3)*-5*1/p is divided by l(5).
0
Let z = 27554 - 25408. What is the remainder when z is divided by 240?
226
Let i(o) = -151*o + 29. Let h be i(-3). Let x = h - 452. What is the remainder when 35 is divided by x?
5
What is the remainder when 3006 is divided by (-10)/(-100)*(452 + 18)?
45
Let g = 132 - 120. Suppose g*u - 1232 - 724 = 0. Calculate the remainder when u is divided by 33.
31
Suppose 0*h + 12*h = 192. Let a(b) = b**3 - 16*b**2 - 2*b + 34. What is the remainder when a(h) is divided by 1?
0
What is the remainder when 4*3/(24/148) + 4 is divided by 16?
14
Suppose 22*i - 20*i - 108 = 0. Let t(g) = 10*g - 407. What is the remainder when t(i) is divided by 27?
25
Let t(g) = g**2 + g - 4. Suppose 2*j - 79 = -17. Suppose 5 = -2*w + j. Calculate the remainder when t(-7) is divided by w.
12
Let b(d) = 206*d**2 + 204*d - 811. Calculate the remainder when b(4) is divided by 1649.
3
Let w = 3 - -11. Suppose w*r - 15 = 9*r. Suppose -a - r*s + 0*s = -44, 2*s + 8 = 0. Calculate the remainder when a is divided by 15.
11
Let x = 7556 + -7333. What is the remainder when x is divided by 30?
13
Let j = 18716 - 18601. Let g(w) = 7*w + 3. What is the remainder when j is divided by g(4)?
22
Let d be -3*3/9 - -26. Suppose 37*k = 42*k - d. Suppose -1 = -5*c + 3*i - 6, -i + k = 0. What is the remainder when 11 is divided by c?
1
Suppose 4*i + 4*k = 148, -9*i + 8*i - 3*k = -43. What is the remainder when i is divided by 8?
2
Suppose 1620 = 19*c + 22*c - 799. Calculate the remainder when c is divided by 7.
3
Suppose 0 = 2*x + x + 27. Suppose 14*u = 28*u - 392. Let s = u - x. What is the remainder when 143 is divided by s?
32
Let t = 32565 + -31533. What is the remainder when t is divided by 207?
204
Suppose 0 = -2*v - 0*v - u + 44, 3*u = -3*v + 69. Calculate the remainder when -116*(9 + -19 + 9) is divided by v.
11
Let a = -24 - -28. Suppose a*d + 3*j - 144 = d, -2*j - 80 = -2*d. What is the remainder when 305 is divided by d?
41
Suppose -10 = 4*a - 6*a. Suppose i - 3*i = 3*z - 191, 5*i - 315 = -a*z. What is the remainder when z is divided by 17?
14
Let i = 507 + -33. Calculate the remainder when i is divided by 31.
9
Let b = 416 + -448. Let f = b + 980. What is the remainder when f is divided by 73?
72
Suppose 4*j = c + 138, -j - 81*c + 82*c + 33 = 0. What is the remainder when 38 is divided by j?
3
Suppose -2*z + 1356 + 704 = 0. What is the remainder when z is divided by 22?
18
Suppose 136 = 10*g - 104. Let z = g + -21. Suppose o - 1 = -x, -3*o - 20 = -2*x - z. Calculate the remainder when 11 is divided by x.
3
What is the remainder when 677 is divided by (-3)/(45/(-2005)) + (-36)/(-108)?
7
Suppose 79*a + 528 = 6374. Let v = 401 + -255. Calculate the remainder when v is divided by a.
72
Let z(y) = -12*y - 8. Suppose 45*p = 49*p - u - 154, -3*p + 108 = -2*u. Calculate the remainder when z(-7) is divided by p.
36
What is the remainder when ((-2)/(-16))/((-28)/(-28448)) is divided by 46?
35
Suppose -16 = -r - 14. Suppose m - r = 14. Calculate the remainder when m is divided by 10.
6
Suppose -x = 6, 5972 = 4*u + 3*x - 18806. What is the remainder when u is divided by 85?
79
Suppose -17*n + 1219 = -3388. Let j = 287 - n. Calculate the remainder when 28 is divided by j.
12
Let v(c) = c**3 + 22*c**2 - 17*c - 38. Let g be v(-22). Suppose 62*a = 56*a + g. Calculate the remainder when a is divided by 19.
18
Suppose 53*k - 111099 = -66702 + 190234. Calculate the remainder when k is divided by 36.
35
Suppose -18 = -4*y - 2*y. Let p be (-2043)/63 + y/7. Let g = p - -46. What is the remainder when 20 is divided by g?
6
Suppose -5 - 17 = -2*b. Suppose b*a - 3*a - 32 = 0. Calculate the remainder when 47 is divided by a.
3
Let b = 1032 - 1024. Suppose 5*c + 12 + 3 = 0, -z - 2*c + 72 = 0. Suppose h = -2*h + z. What is the remainder when h is divided by b?
2
Suppose -5 = -4*i + 3. Suppose 3*l - 97 = i*l - 3*m, 4*l - 388 = -2*m. What is the remainder when l is divided by 72/3 + 14 + -13?
22
Let g(t) = 33*t - 395. What is the remainder when g(23) is divided by 18?
4
Suppose 5*i - 954 = -4*i. Let x(o) = -o**2 + 65*o + 12. Calculate the remainder when i is divided by x(65).
10
What is the remainder when 569 is divided by (-1016)/(-9) - -2 - ((-306)/(-162) + -2)?
109
Let h(u) = -1804*u + 3639. What is the remainder when 3480 is divided by h(2)?
8
Let k(i) = -i**2 + 49*i + 291. What is the remainder when k(51) is divided by 96?
93
Let k(j) = -42*j**3 - j**2 - 2*j - 2. What is the remainder when k(-1) is divided by 21/2 - 105/(-210)?
8
Let a(c) = -c**3 + 14*c**2 + 11*c - 8. Calculate the remainder when a(14) is divided by (-1672)/(-33)*(-9)/(-6).
70
Suppose -91*k + 102*k - 12903 = 0. What is the remainder when 152 is divided by ((-8)/(-6))/(92/k)?
16
Let s = -351 - -353. Suppose s*c = c - 3*j + 52, -3*c + 3*j + 156 = 0. Calculate the remainder when 151 is divided by c.
47
Suppose 2*f = -3*v + 411, 7*f - 3*f - 846 = 2*v. Let g = 271 - f. Let x = 11 + -3. Calculate the remainder when g is divided by x.
5
Suppose 42*x - 37*x - 20 = 0. Suppose x*t = -2*t. Suppose 87 = 4*r - t*k - 5*k, -5*r = k - 116. Calculate the remainder when 91 is divided by r.
22
What is the remainder when (3157/21 - -59)/(3*(-8)/(-90)) is divided by 49?
1
Suppose -15 = 22*v - 17*v. Let s(a) = a**3 + 8*a**2 + 7*a + 4. Let h be s(-7). What is the remainder when 2 - (-29 - (v + h)) is divided by 11?
10
Let t(z) = 32*z - 927. Calculate the remainder when t(44) is divided by 44.
41
Let k(r) = 95 + 6*r - 8*r - 14*r. Calculate the remainder when k(0) is divided by 25.
20
Let o = 67 - 47. Calculate the remainder when 204/68*(-4)/3 - -601 is divided by o.
17
Suppose 0 = -39*v - 8136 + 10437. What is the remainder when 120 is divided by v?
2
Suppose -o - 9 + 9 = 0. Let f = o + 18. Calculate the remainder when ((-1)/3)/(4/(-348)) is divided by f.
11
Let y(b) = 937*b - 3703. Let p = 6 - -8. Calculate the remainder when y(4) is divided by p.
3
Let x(h) be the first derivative of 10 - 1/2*h**2 + 40/3*h**3 + 0*h. What is the remainder when x(1) is divided by 11?
6
Suppose -14*z + 84 = -0*z. Suppose -34 = -z*k - 46. Calculate the remainder when 44 + k + (-3)/2*-2 is divided by 12.
9
Calculate the remainder when 1676 is divided by (224/(-16))/((27/(-6))/9).
24
What is the remainder when 2753 is divided by 25 + 4 + (6 - (-2 + 10))?
26
Suppose 2 + 23 = b + 2*y, b = -4*y + 17. Let h(d) = 7*d**3 + 8*d**2 - 6*d + 1. Let i be h(3). Let o = -232 + i. Calculate the remainder when b is divided by o.
9
Let f(n) = 4*n**3 - 7*n**2 + 6*n + 9. Let v be f(3). What is the remainder w